ber?
False
Is 355811 a composite number?
False
Is 25226567 composite?
False
Is 318067 prime?
False
Is 57558283 a prime number?
True
Is 276729 prime?
False
Is 45235777 prime?
True
Is 16312381 composite?
False
Is 60478267 a composite number?
True
Is 51977911 composite?
True
Is 53540621 a prime number?
True
Is 4444301 prime?
False
Is 3142621 prime?
False
Is 23763749 a composite number?
False
Is 17446817 prime?
True
Is 709355 prime?
False
Is 268357 a composite number?
True
Is 383987533 composite?
False
Is 2769371 prime?
False
Is 6932857 prime?
True
Is 2182811 composite?
False
Is 597757 prime?
True
Is 132664751 a composite number?
False
Is 25499809 a composite number?
False
Is 50886023 a composite number?
False
Is 11578289 a composite number?
False
Is 820223 composite?
False
Is 113046691 prime?
False
Is 18483689 composite?
True
Is 16243273 a composite number?
False
Is 1461491 a composite number?
True
Is 66377833 a prime number?
False
Is 64007443 prime?
True
Is 1441421 composite?
True
Is 25914517 a prime number?
True
Is 10553551 prime?
True
Is 847859 a composite number?
True
Is 19131017 composite?
False
Is 104450077 composite?
False
Is 41651119 prime?
False
Is 16754173 prime?
True
Is 24557119 composite?
False
Is 9656623 a composite number?
True
Is 37727351 prime?
True
Is 763859 composite?
False
Is 58197094 a composite number?
True
Is 375880751 a composite number?
False
Is 124484585 a composite number?
True
Is 2800799 composite?
False
Is 8476427 a prime number?
True
Is 59962057 a prime number?
True
Is 3199943 composite?
False
Is 12087503 a composite number?
False
Is 58766207 a prime number?
False
Is 7208485 a prime number?
False
Is 163744871 composite?
False
Is 1570109 composite?
True
Is 13057195 prime?
False
Is 4955179 composite?
False
Is 1377032791 a prime number?
True
Is 131170133 a composite number?
False
Is 18212669 a composite number?
True
Is 15491447 prime?
True
Is 100423091 a prime number?
False
Is 103651003 prime?
False
Is 16690997 a prime number?
True
Is 3262907 composite?
False
Is 2728442 prime?
False
Is 14251555 prime?
False
Is 1235921 a prime number?
False
Is 484579741 composite?
False
Is 97100027 a composite number?
False
Is 87395153 a composite number?
False
Is 235014407 composite?
True
Is 54265849 a prime number?
False
Is 10386917 composite?
False
Is 715997 composite?
True
Is 1178077 composite?
True
Is 18745765 a prime number?
False
Is 21892469 prime?
True
Is 100789969 a prime number?
False
Is 1788593 prime?
False
Is 197723977 composite?
True
Is 4850137 composite?
False
Is 14891549 prime?
False
Is 27318367 prime?
True
Is 54345419 a prime number?
True
Is 47714281 composite?
True
Is 44277466 a prime number?
False
Is 2573366 a composite number?
True
Is 68912887 a prime number?
False
Is 5088905 a composite number?
True
Is 456007 a prime number?
True
Is 82445471 composite?
True
Is 766803109 a composite number?
False
Is 129083477 a prime number?
True
Is 472907 prime?
True
Is 6268807 composite?
False
Is 7247563 a composite number?
True
Is 76445281 a prime number?
False
Is 5818013 a composite number?
False
Is 70903999 composite?
False
Is 52866413 a prime number?
False
Is 8384819 a prime number?
True
Is 264211 prime?
True
Is 26338258 a composite number?
True
Is 9160423 a prime number?
False
Is 2800807 prime?
False
Is 570236591 a composite number?
False
Is 35334659 prime?
False
Is 39554661 prime?
False
Is 47480567 composite?
False
Is 189668107 composite?
True
Is 18220457 a prime number?
False
Is 44885669 composite?
False
Is 1458069 a composite number?
True
Is 307280585 a prime number?
False
Is 63124847 a prime number?
False
Is 58385243 prime?
False
Is 26004487 a prime number?
False
Is 1130729 composite?
True
Is 285085981 a composite number?
False
Is 228525881 prime?
True
Is 434081 a prime number?
True
Is 430121 prime?
True
Is 62774401 a prime number?
True
Is 7046911 a composite number?
False
Is 345351 prime?
False
Is 1110061 a composite number?
False
Is 102461 a prime number?
True
Is 42376361 composite?
True
Is 1680961 prime?
True
Is 4789689 a prime number?
False
Is 3304933 a prime number?
True
Is 9461357 a composite number?
True
Is 1238123 a prime number?
False
Is 921295 a prime number?
False
Is 187799 prime?
False
Is 1542911 a prime number?
True
Is 31865653 composite?
False
Is 48940681 a composite number?
True
Is 25039421 prime?
False
Is 3136949 a composite number?
False
Is 47554747 prime?
False
Is 9794117 a composite number?
False
Is 43111461 a composite number?
True
Is 158715703 a composite number?
True
Is 13224911 prime?
False
Is 6505537 a prime number?
True
Is 7965697 prime?
False
Is 200801 composite?
True
Is 3010407 a prime number?
False
Is 44201383 composite?
False
Is 1568067 a composite number?
True
Is 7240279 a composite number?
False
Is 49000877 a composite number?
False
Is 236588843 composite?
False
Is 19931789 prime?
False
Is 20286131 a composite number?
False
Is 32925853 a prime number?
True
Is 292743767 composite?
False
Is 134609 a composite number?
False
Is 292598 a prime number?
False
Is 214840789 prime?
False
Is 3207803 prime?
True
Is 1055869 prime?
False
Is 2621809 prime?
False
Is 3646631 prime?
False
Is 696809 a prime number?
True
Is 427993871 a prime number?
False
Is 13992757 a prime number?
True
Is 157098899 prime?
True
Is 2895173 a prime number?
False
Is 121537349 prime?
False
Is 894541433 composite?
True
Is 25042669 prime?
True
Is 410037091 composite?
False
Is 2363021 prime?
True
Is 9687953 composite?
True
Is 70411823 prime?
False
Is 1633543 a composite number?
True
Is 2123621 composite?
True
Is 14093647 a composite number?
False
Is 389707 a prime number?
False
Is 974359 prime?
True
Is 44885129 composite?
True
Is 470297 prime?
True
Is 617147381 composite?
False
Is 195833233 a prime number?
False
Is 1861543 prime?
True
Is 19420361 a composite number?
False
Is 230744827 prime?
False
Is 64778407 a composite number?
False
Is 4699619 prime?
True
Is 8327921 a composite number?
True
Is 8311207 a prime number?
False
Is 89396291 a prime number?
False
Is 29327993 prime?
True
Is 34171811 prime?
False
Is 128517923 a composite number?
False
Is 9290101 a prime number?
True
Is 45495761 a prime number?
True
Is 41737161 a prime number?
False
Is 886758839 a prime number?
False
Is 282236833 prime?
False
Is 113699 composite?
True
Is 30128837 prime?
True
Is 1290670099 composite?
False
Is 85469 composite?
False
Is 5662549 prime?
False
Is 62675777 a composite number?
False
Is 17921533 prime?
False
Is 41464031 a composite number?
True
Is 18592687 composite?
True
Is 508933 composite?
True
Is 65043397 a prime number?
True
Is 396655107 composite?
True
Is 4780117 a composite number?
False
Is 10715417 prime?
True
Is 130664669 prime?
False
Is 155410963 a composite number?
True
Is 3215587 composite?
False
Is 299035123 prime?
False
Is 54392099 composite?
True
Is 2069633 a composite number?
True
Is 433429 composite?
False
Is 2869523 prime?
False
Is 2135117 a composite number?
False
Is 3162277 prime?
True
Is 878259 a prime number?
False
Is 2116498 composite?
True
Is 316847 composite?
False
Is 2976767 composite?
False
Is 30649139 prime?
False
Is 19486703 a composite number?
False
Is 1208231 prime?
False
Is 864971 a prime number?
False
Is 1123858565 a composite number?
True
Is 695562313 composite?
True
Is 13583998 a composite number?
True
Is 5911463 prime?
True
Is 265611103 composite?
False
Is 7865257 prime?
True
Is 567061 a prime number?
False
Is 838867 composite?
True
Is 44564341 a prime number?
True
Is 5956151 a prime number?
True
Is 8454053 a prime number?
True
Is 65407 a prime number?
True
Is 263369 prime?
True
Is 2127497 prime?
False
Is 256656383 a composite number?
True
Is 146994347 composite?
False
Is 5822563 composite?
True
Is 1432339 prime?
False
Is 1244077 composite?
True
Is 464973 composite?
True
Is 2402999 a prime number?
True
Is 466895593 composite?
True
Is 230209061 composite?
True
Is 372693 a prime number?
False
Is 14285837 a prime number?
True
Is 39312647 a composite number?
True
Is 60927277 composite?
False
Is 259894751 prime?
True
Is 183799309 a composite number?
False
Is 292122643 a prime number?
False
Is 355576587 a composite number?
True
Is 16813249 prime?
True
Is 1938149 composite?
False
Is 44572799 composite?
False
Is 184616569